 prime factors of h(k).
2
Let b(v) = 91*v**2 + 31*v - 819. List the prime factors of b(16).
22973
Suppose 0 = 10*w + w - 2640. Suppose -237*a = -w*a + 672. List the prime factors of a.
2, 7
Let j be (1 - (1 + 1))/(1/13). Let x(i) = -i**2 - 12*i + 15. Let g be x(j). What are the prime factors of (75/g)/((-3)/(-6))?
3, 5
Let p be (-3112)/(-4) + (-8)/2 + -1. Let r = 1294 - p. What are the prime factors of r?
521
Suppose l = -13*l + 70. Suppose l*i - 873 = -23. What are the prime factors of i?
2, 5, 17
Suppose -4*j - 24 = -7*j. Let p be j/2 - (29 - 4). Let v = -7 - p. List the prime factors of v.
2, 7
List the prime factors of (1/(-9) - (717/108 - 7))*41576.
2, 5197
Let g(w) = 2*w**3 + 21*w**2 + 13*w + 3. Let p(j) = j**3 + 10*j**2 + 6*j + 1. Let m(u) = 3*g(u) - 5*p(u). What are the prime factors of m(-7)?
5, 47
Suppose 3*h = -v - 194, 20*h - 101 = 22*h - 5*v. List the prime factors of (58254/h)/((-4)/6).
19, 73
Let k be (0 + 6)/((-1)/(32/(-6))). Let j be (-351)/((2/(-6))/(k/72)). Let u = j + -262. List the prime factors of u.
2, 103
Let j(a) = 2*a**2 - a. Let k(b) = 3*b**2 + 18*b + 6. Let r(q) = 5*j(q) - k(q). What are the prime factors of r(-7)?
2, 3, 83
Let r(j) = 318*j**2 + 44*j + 12. List the prime factors of r(4).
2, 1319
What are the prime factors of -3 + (234/(-351) - ((-185842)/6 - -2))?
2, 7, 79
Suppose -12*v = -44 - 4. Suppose -v*i = -599 - 1289. What are the prime factors of i?
2, 59
Let m(a) = a**2 + 21*a - 23. Let d be m(-23). Suppose -17*z + 36 = -d*z. List the prime factors of 42 + (z/(-30))/(2/10).
43
Suppose 11*c - 83424 = -0*c. List the prime factors of c/21 - 2/14.
19
Suppose -3*x + 4*g = -42, x = 2*x + g - 21. Let p be ((-52)/(-78))/((-2)/x). List the prime factors of (-1396)/p + 5*(-6)/(-90).
233
Let x = -1903 + 445. Let h = -1026 - x. List the prime factors of h.
2, 3
Suppose -3508*i + 3523*i = 32250. List the prime factors of i.
2, 5, 43
Suppose 22*n - 3*b - 1488 = 18*n, -1855 = -5*n + 5*b. Suppose -v = 4*v - 670. Let y = n - v. What are the prime factors of y?
241
Let r(z) = 413*z**2 - 400*z - 1591. What are the prime factors of r(-4)?
13, 509
Let k be ((-4)/(-6))/((-16)/7416). What are the prime factors of 2/(((-10)/k)/5)?
3, 103
Let b be (10/(-35) + 2)/(3/14). Suppose -3402 = -3*g + 5*i, g - 5*i - 1148 = -b*i. What are the prime factors of g?
17, 67
Suppose -4*b + 3*c = 9 - 1, 13 = b + 3*c. Let g be -6 + (b - -4) + 6/2. Suppose -2*k + g*f = -240, k = 3*f + 157 - 29. What are the prime factors of k?
2, 29
Let p(u) = -12*u**2 - 15*u + 12. Let z(s) = 35*s**2 + 44*s - 38. Let c(t) = -7*p(t) - 2*z(t). What are the prime factors of c(-7)?
13, 43
Let s(b) = b**3 + 9*b + 3. Suppose -24 + 44 = 5*v. What are the prime factors of s(v)?
103
Suppose 2*g - j = -169, -682*g - 400 = -677*g + 2*j. Suppose -5*h + 1573 = -2*n, 4*h - 293 = 3*h - 5*n. Let q = g + h. What are the prime factors of q?
3, 7, 11
Let d(x) be the third derivative of x**5/12 - 7*x**4/24 + 19*x**3/6 + 4*x**2. Suppose 0 = -6*r + 164 - 140. List the prime factors of d(r).
71
Suppose 5*m + 2*r - 16 = 0, m = 5*m + 2*r - 12. Suppose m*p - 3 = 9. Suppose -p*y - 3 = 0, -b + y - 2*y = -101. List the prime factors of b.
2, 3, 17
Let f be (26/(-6) + 6 + -3)*3. List the prime factors of (-10 - -8)/(f/1094).
547
Let q(n) = n**3 + 19*n**2 + 37*n - 22. Let r(h) = -10*h + 68. Let c be r(8). List the prime factors of q(c).
2, 271
Let w be (4/(-3))/(28/(-63)). Suppose -14*i = w*i - 18105. What are the prime factors of i?
3, 5, 71
Let h = 41674 + -24173. What are the prime factors of h?
11, 37, 43
Let y = 25 - 27. Let u(t) = 26*t + 5. Let s be u(y). Let i = s + 124. What are the prime factors of i?
7, 11
Let m = 524 - 125. Suppose y + 2*s = 144, -151 = 2*y - 4*s - m. Suppose 0 = 16*w - 14*w - y. What are the prime factors of w?
67
Suppose -2*n - 13*a + 108567 = -14*a, -3*a - 108569 = -2*n. List the prime factors of n.
19, 2857
Let a(z) = 469*z + 1343. List the prime factors of a(20).
10723
List the prime factors of (7770/30)/((-10)/(-942)) - 9/(-45).
2, 11, 1109
Suppose -4*u - 20 = 0, -2*u = 5*p + u - 39525. Suppose p = 13*g + 797. List the prime factors of g.
547
Let u(n) be the third derivative of -25*n**4/24 + n**3/3 + 30*n**2. Let m be u(4). Let s = -56 - m. List the prime factors of s.
2, 3, 7
Let f(a) = a**3 + 18*a**2 - a - 15. Let b be f(-18). Suppose -3*l = 4*u - 597, -b*l = -3*u + 34 + 440. What are the prime factors of u?
3, 17
Let g = -401 - -406. Suppose 4015 = 5*k - 3*x, -2*k = -g*x - 1098 - 527. List the prime factors of k.
2, 5
Let t = 10844 + -5589. List the prime factors of t.
5, 1051
Suppose 5*g = -5*f + 1535 + 240, 0 = -5*g - 7*f + 1787. What are the prime factors of g?
349
Suppose 12 = 2*f + 4*j, -3*j = -3 - 9. List the prime factors of (46 + 219)*(-2)/f.
5, 53
Let s be ((-4)/(-6))/(6/45). Suppose s*r = 6*r + 136. Let h = -90 - r. List the prime factors of h.
2, 23
Suppose 5*a - 2395 = -4*q, -2*a = 4*q - 843 - 127. Let b = -4 - -7. Suppose -a = -5*f - 4*z, b*f + 0 - 298 = -5*z. List the prime factors of f.
7, 13
Let v(r) = 57*r**3 + 5*r**2 + 3*r - 1. Let c be v(-1). Let z = -226 + 39. Let h = c - z. List the prime factors of h.
131
Suppose -717810 = 2244*p - 2274*p. List the prime factors of p.
71, 337
Suppose -37*w + 11344 = -4714. Suppose 0 = v + r - w, -16*v - r = -17*v + 442. What are the prime factors of v?
2, 3, 73
Let w(u) = -u**3 - u**2 + 2*u - 1. Let j(q) = -4*q**3 - 23*q**2 + 15*q - 94. Let i(l) = j(l) - 3*w(l). List the prime factors of i(-22).
7, 97
Suppose -4*v + 5002 + 4770 = 0. Suppose -v = -4*p - 827. What are the prime factors of p?
2, 101
Let i be (12/5)/((-4)/70). List the prime factors of (1*2702/i)/((-2)/18).
3, 193
Suppose -3*l + 21270 = 2*j - 2*l, -4*j = 4*l - 42540. Suppose 0 = 149*c - 164*c + j. What are the prime factors of c?
709
Let g be (-3207)/27 + (-2)/9. Let a be (152/(-6))/((-67)/(-603)). Let z = g - a. List the prime factors of z.
109
Let o = 248 - 248. Suppose -d - 6*d + 5145 = o. What are the prime factors of d?
3, 5, 7
Let d be (-242)/(1 + 3 - 3). Let x = 20 - d. What are the prime factors of x?
2, 131
Let g(a) = -15*a - 93. Let f be g(9). Suppose -2*q - 3*q = 1620. Let i = f - q. What are the prime factors of i?
2, 3
Let c(a) = 6*a**2 - 27*a - 37 - 1 - 4*a**2 - 5. What are the prime factors of c(-18)?
1091
Let r(b) = 3*b**2 + 5*b + 4. Let u be (-2)/(-10) + (-34)/(-5). Suppose -15 = u*c + 48. List the prime factors of r(c).
2, 101
Let k(u) = -3*u**2 - 36*u - 29. Let j be k(-10). Suppose 4*p - 3*n - 139 = 0, 43 = -3*p - 3*n + 163. Suppose -p*r = -j*r - 618. List the prime factors of r.
103
Suppose 18*j - 17*j - 5 = 0. Suppose 5*a = -2*u + 396, -384 = -j*a + 4*u - 2*u. What are the prime factors of a?
2, 3, 13
Let t(o) = -o**3 - 4*o**2 + 3*o + 18375. What are the prime factors of t(0)?
3, 5, 7
Suppose 3*j - 5991 + 1010 = 2*h, 5*h - 1632 = -j. What are the prime factors of j?
1657
Let p = 31447 + -20671. List the prime factors of p.
2, 3, 449
Suppose c + 7355 = f, -5*f + 847*c - 845*c = -36751. List the prime factors of f.
3, 31, 79
Suppose -2*z - 12*c + 16*c + 3804 = 0, -c - 3801 = -2*z. Suppose 5*l = -0*l + 5*q + z, 368 = l + 5*q. List the prime factors of l.
2, 3, 7
Suppose -33 = -210*z + 199*z. Suppose -z*b - 76 = 3*g - 1330, -2*g + b = -830. What are the prime factors of g?
2, 13
Let w(j) = -13*j**3 - 10*j**2 + j. Let r be w(-8). Suppose -r - 68968 = -44*f. List the prime factors of f.
2, 3, 71
Let d(j) = 53*j**3 + 16*j**2 + 38*j - 619. What are the prime factors of d(10)?
54361
Let n(p) be the first derivative of 75*p**3 - 3*p**2 - 5*p - 68. What are the prime factors of n(-1)?
2, 113
Suppose -4*j - 24 = -4*k, -k - 19 = 11*j - 7*j. Let o(c) = 636*c + 28. List the prime factors of o(k).
2, 83
Let x be 2 - (7 - 3/(-9)*-6). What are the prime factors of ((-60)/(-18))/(x/(-414))?
2, 5, 23
Let k(d) = 447*d - 2182. What are the prime factors of k(20)?
2, 31, 109
Let r(s) be the first derivative of -s**4/4 + 4*s**3/3 - s**2/2 + 440*s + 23. List the prime factors of r(0).
2, 5, 11
Let n(s) = 12*s - 47. Let a be n(11). Let w = -66 + a. List the prime factors of w.
19
Let w(l) = -1328*l + 3194. What are the prime factors of w(-23)?
2, 3, 5623
Let i(u) = u**3 - 13*u**2 + 9*u + 21. Let o be i(11). Let b = 184 + o. What are the prime 